*o - 1 = x, 0 = -4*o - 4*x + 28. Let t be 6*o*(-64)/(-6). What is the greatest common factor of t and 16?
16
Suppose -275 = -9*f + 4*f. What is the highest common divisor of f and 495?
55
Suppose -251 + 51 = -2*h. Let x = h - 58. Calculate the highest common divisor of 14 and x.
14
Let d = -52 - -74. Let u(l) = 2*l - 7. Let a be u(9). What is the greatest common factor of d and a?
11
Let b be 2/9 + (-241)/(-9). Suppose -2*x + 15 = 3*x. What is the highest common factor of b and x?
3
Let v = 154 - 59. What is the highest common divisor of 38 and v?
19
Let m = 486 + -67. Suppose 0 = -3*w + m + 10. Calculate the highest common factor of w and 13.
13
Let y(l) = -11*l**3 - 1. Let j be y(-1). Let f(a) = 10*a + 10. Let o be f(j). Calculate the greatest common factor of o and 10.
10
Let u be (-1 - 8*2)/((-13)/13). What is the highest common divisor of u and 34?
17
Let l = 2 - -2. Let v = l - 2. Suppose 0 = -4*h + 2 + 30. Calculate the greatest common factor of h and v.
2
Let z be (4 + 77/(-5))*-5. Let t = 105 - z. Calculate the highest common divisor of t and 12.
12
Let z be 3/(-5) - (-6)/10. Suppose -5*j + 275 = -z*j. What is the highest common factor of 5 and j?
5
Let c be (-29)/(-9) - (-4)/(-18). Let t be (38 - c) + 0 + -2. Let b = t - 12. Calculate the highest common divisor of 189 and b.
21
Let u(h) = -h**3 - 5*h**2 + 8*h + 4. Let b be u(-5). Let l = b - -52. Calculate the greatest common divisor of l and 2.
2
Let l = 18 + -2. Calculate the greatest common divisor of 16 and l.
16
Suppose 79 = 5*z - 1. What is the highest common divisor of z and 48?
16
Let f be 8/(-3)*(1 + -4). Let s(k) = k**3 - 6*k**2 - 3*k + 4. Let q be s(7). Calculate the greatest common divisor of f and q.
8
Let m = -7 + 19. Let d(k) = -7*k - 1. Let g be d(-1). What is the highest common divisor of m and g?
6
Let i = -10 - -46. Suppose 5*q + 32 = -28. Let r = 30 + q. Calculate the highest common factor of i and r.
18
Let g = 176 + -81. Calculate the highest common divisor of 19 and g.
19
Let k be (53/1 - 2) + -1. What is the greatest common factor of 10 and k?
10
Let z = -2 - -5. Suppose 5*u = -z*x - 104, -4*x + 2*u + 3*u = 162. Let h = 68 + x. What is the greatest common factor of 6 and h?
6
Let x = -14 - -20. Let z(i) = -3*i + 8*i - 2 + x*i - i**2. Let q be z(6). What is the highest common divisor of q and 4?
4
Suppose 1 - 6 = -p. Suppose p*u + 2*o - 155 - 25 = 0, 2*u = 2*o + 86. Calculate the highest common divisor of 57 and u.
19
Suppose 5*y - 20 = -0. Suppose 0 = -3*b - i, -2*b + i - 3*i = 0. Suppose b = q - 2*c - 4, -y*q + c + 23 = -2*q. What is the greatest common factor of q and 7?
7
Suppose 2*c + 125 = 5*n - 2*n, 3*n + 3*c - 135 = 0. Let k = n + -16. Calculate the greatest common factor of 9 and k.
9
Suppose -2*w = 2*w - 48. What is the highest common factor of 12 and w?
12
Let t be -1*1 - (-69)/3. Let v be (-29684)/(-451) - ((-8)/22)/2. What is the highest common factor of v and t?
22
Let b = 98 - 68. Let k = b + -15. Calculate the highest common divisor of 3 and k.
3
Suppose -3*j + q - 15 = -4*j, -4*j - 2*q = -66. Calculate the greatest common factor of 45 and j.
9
Let q(f) = f - 4. Suppose 4*v - 28 = -4*t, 3*t + v = 9 + 4. Let c be q(t). Let b be ((c - -1) + 13)/1. Calculate the highest common divisor of b and 52.
13
Suppose k = -10*z + 8*z + 28, -5*k + 5*z = -155. Calculate the greatest common divisor of 50 and k.
10
Let a be (37 - 1) + -10 + 13. What is the greatest common factor of 13 and a?
13
Let p = 41 + -25. Let r = 3 + p. What is the highest common factor of r and 152?
19
Suppose -5*f - 4*y = y - 495, -f + 109 = -y. What is the highest common divisor of 13 and f?
13
Suppose t = 1 + 1. Let p be 16 + (-4 - 2)/t. Calculate the greatest common factor of 13 and p.
13
Let h = -18 + 36. Suppose 4*p = p + h. Suppose -4*r + 5*d = 12, -14 = -5*d + p. What is the highest common divisor of r and 4?
2
Suppose -3*q + 28 + 35 = 0. Let c(h) = -9*h - 47. Let j be c(-6). What is the highest common factor of q and j?
7
Let v(n) = n**2 - 4. Let f be v(4). Suppose -m = -2*y + 7, 4*m = 3*y - 1 + 3. What is the greatest common factor of f and y?
6
Suppose -h + 0*h + 3*o = -15, -86 = -4*h - o. Let n = 6 + -4. Let v be n/(-7) - (-384)/h. What is the greatest common divisor of v and 36?
18
Let w(b) = 2*b - 15. Let p be w(10). Let x = -96 - -141. What is the highest common divisor of x and p?
5
Let k = 44 + 11. Let p(t) = t**3 - 6*t**2 + 3*t - 7. Let m be p(6). What is the greatest common factor of k and m?
11
Suppose 0 = 5*y - 2*y - 396. Suppose -i = -0*i - y. Suppose -3*h + 2*h + 5*a = 13, -3*h - a = -41. What is the highest common factor of h and i?
12
Let n = -183 + 258. Let l = 12 - 11. Let i(y) = 15*y. Let c be i(l). Calculate the highest common factor of n and c.
15
Suppose -4*j - 3*g = -2*j - 109, -j - 4*g = -57. Let w = j - 5. Calculate the greatest common divisor of 12 and w.
12
Suppose -2*h = -43 - 53. What is the greatest common factor of h and 12?
12
Let o(d) = -2*d + 7*d**2 + 0 - d - d**3 + 1. Let p be o(5). Calculate the highest common divisor of 24 and p.
12
Let k(h) = -11*h + 2. Let f be k(-2). Suppose 3*r = -39 - f. Let y = r - -38. What is the greatest common divisor of y and 17?
17
Let w be (36/30)/(6/(-20)). Let c be w*(1 + (1 - 3)). Calculate the greatest common factor of 16 and c.
4
Let j be 4/(-6) + (-2485)/(-15). What is the greatest common divisor of 66 and j?
33
Let w(u) = 3*u - 1. Let r(n) = -n. Let p(f) = -4*r(f) - w(f). Let l be p(5). Calculate the greatest common divisor of l and 15.
3
Suppose 0 = 2*w - 5*w - 12, -5*a + 263 = 3*w. Calculate the highest common divisor of 33 and a.
11
Suppose -6*u + 2*u - 14 = -v, 0 = -2*u + 4. What is the highest common divisor of v and 154?
22
Let v be ((-10)/8)/(3/(-12)). Suppose 0 = 3*k + v - 2. Let c be (2 - k)*8/3. Calculate the greatest common factor of 40 and c.
8
Let l = -39 + 78. Let n = 17 + 4. Let q = n - 8. Calculate the greatest common factor of l and q.
13
Let y(s) = 12*s**2 + 3*s. Let u be y(-3). Let t(l) = 9*l**2. Suppose -5*o = 5, -b - 4*o - 4 = -1. Let x be t(b). What is the highest common factor of x and u?
9
Let r(t) = t**3 + 9*t**2 + 13*t + 2. Let f be r(-7). Calculate the highest common divisor of 81 and f.
9
Let w be -2 + (0 - (-57 + -1)). What is the greatest common divisor of 84 and w?
28
Let n(j) = j + 5. Let l be n(0). Suppose 2*x - 2 - 10 = 0. Suppose -2*z + 0*z + x = -r, r + 8 = 3*z. Calculate the greatest common factor of l and z.
1
Let t = -71 - -113. What is the highest common factor of t and 63?
21
Let c(u) = u**3 - 10*u**2 - 11*u + 1. Let g be c(11). Suppose 0*x = x - 5. What is the highest common factor of g and x?
1
Suppose b + 3*x + 5 = 0, 2*b - 4*x + 3*x = 25. Suppose -4*a + 2 = -b. What is the greatest common divisor of 2 and a?
1
Suppose 0 = -5*h + 2*c - c + 416, 2*h - 176 = -2*c. Calculate the highest common divisor of 21 and h.
21
Let k be ((-12)/(-18))/(2/114). Let c = -22 + k. Calculate the greatest common factor of c and 32.
16
Let d = -9 + 12. Let k be 3/(2*d/48). Suppose -31 = -5*w - 4*a, -3*w + 11 = -2*w + 2*a. What is the greatest common factor of k and w?
3
Let x(w) = w + 6. Let c be x(4). Calculate the highest common factor of c and 80.
10
Suppose 2*i + 44 = -5*p + 6*p, 2*p + 4*i = 56. What is the greatest common divisor of 9 and p?
9
Let u(l) = -l - 5. Let c be u(-7). Suppose -5*m = -c*g - 99, -g = 3*m + 2*m - 93. What is the highest common divisor of m and 57?
19
Let w = 153 - 28. Calculate the greatest common divisor of 50 and w.
25
Suppose -c + 4*s = -0 - 71, 153 = 2*c + 3*s. What is the greatest common divisor of 30 and c?
15
Let u(w) = -6*w - 10. Let v be (6/9)/(1/(-3)). Let c be (v/4)/(3/42). Let j be u(c). What is the greatest common divisor of j and 4?
4
Suppose 8*n - o - 279 = 3*n, 5*o = -5*n + 285. Suppose -2 = -2*d + 2. Suppose -a + 9 - 29 = -d*q, 0 = 5*a + 20. Calculate the greatest common factor of q and n.
8
Let x(r) = -r**3 - 8*r**2 + 7*r - 4. Let u be x(-9). What is the highest common factor of u and 14?
14
Let x(b) = -b**3 - 5*b**2 - 4*b. Let z be x(-4). Suppose 0 = 2*k + 6*i - 3*i - 73, z = -k - 5*i + 47. Calculate the highest common factor of 80 and k.
16
Let u be (4/6)/((-1)/(-15)). Calculate the highest common divisor of u and 30.
10
Let b(k) =